of h and 88.
44
Let b = 4204 + -2724. Suppose 5*c = -5*r + 1510, 0*c = -5*r + c + b. What is the greatest common divisor of r and 33?
33
Let v be 3 + -13 + 3 - -14. Let p(z) = -z**3 - z**2 + 4*z + 3. Let k be p(-4). What is the greatest common factor of k and v?
7
Let b(x) = 6*x**2 + 3*x. Let a be b(-4). Let w(t) = 12*t - 77. Let l be w(7). What is the highest common factor of a and l?
7
Suppose -16 + 2 = -7*r. Let w be (-24)/(0 + -4)*r. What is the greatest common factor of 42 and w?
6
Let w = -27 + 31. Suppose -14*p + 130 = -w*p. Let g be 78/((9/(-2))/(-3)). Calculate the highest common divisor of p and g.
13
Suppose 0 = 6*i + 2010 - 2418. Calculate the highest common divisor of 918 and i.
34
Suppose 5*i + 40 = 5*c, c + 0*i - 5*i = 4. Suppose -a + 3 = 4*f, -a + c = -4*f + 2*a. Let m be (12 + f - 3) + 1. What is the highest common factor of 20 and m?
10
Let t(s) = 6*s + 121. Let p be t(-18). Calculate the highest common factor of 1079 and p.
13
Let f be ((-624)/(-8))/((-15)/(-110)). What is the greatest common divisor of f and 364?
52
Let f be -6*5/75*-80. Let s = 14 + 2. What is the greatest common divisor of s and f?
16
Suppose -3*o + r + 14 = 2*o, -4*o - 3*r = -15. Suppose 5 + 4 = o*f. Suppose -f*x + x = 4*u, -u + 22 = -5*x. What is the highest common factor of 4 and u?
2
Let l(t) = -t**3 + 20*t**2 + 4*t + 24. Suppose 37 - 14 = s + 3*w, -4*s + 2*w = -78. Let z be l(s). Calculate the highest common divisor of z and 26.
26
Suppose i = -62 + 73. What is the highest common divisor of i and 341?
11
Suppose 0*x + 3*x = 432. Suppose 8*q = x + 136. What is the greatest common factor of 385 and q?
35
Suppose 18*g - 56 - 52 = 0. Calculate the greatest common factor of g and 45.
3
Let a(v) = v**2 - 41*v - 25. Let y(z) = -8*z - 5. Let t(w) = 2*a(w) - 11*y(w). Let i be t(-4). What is the greatest common divisor of 13 and i?
13
Suppose 0 = 5*z - 5*d - 540, z - 128 = 4*d - 8*d. What is the highest common factor of z and 32?
16
Let a be 17 - (-3 + 4 - 3). Calculate the greatest common factor of 152 and a.
19
Suppose c - 8 = -3*h, 4*h = 3*c - 4 + 6. Suppose c*y - 11 = 23. What is the greatest common divisor of y and 187?
17
Let d be -3 + 4 + -6 - (-14 + -3). Suppose -2*v = -2*s + 122, -2*v + 117 = 2*s + v. Calculate the highest common divisor of s and d.
12
Let g(q) = -q + 7. Let p be (-1)/(-4) + (-125)/20. Let m be g(p). Let v(o) = 25*o + 4. Let n be v(4). Calculate the greatest common factor of n and m.
13
Let q(o) = -2*o**3 + 14*o**2 + 62*o - 2. Let t be q(10). What is the greatest common divisor of 66 and t?
6
Let k(x) = -x**2 + 2*x + 3. Let i be k(5). Let s be (736/i)/(6/(-9)). Suppose 2*z = 4*z - s. Calculate the greatest common factor of z and 23.
23
Let h(o) = -o**2 + 7*o - 2. Let g be h(6). Suppose -14 = -g*n + 6. Let f = n + 4. What is the greatest common divisor of f and 27?
9
Let q(o) = -2*o + 82. Let t be q(27). Calculate the highest common factor of t and 12.
4
Suppose 0 = -y + 5*y + 20, 2*g - y - 555 = 0. Let x = 1148 + -1123. What is the highest common factor of x and g?
25
Let o be 2/((-14)/8 - -2). Let p = 37 + -26. Suppose 3 = -4*q + p. Calculate the greatest common factor of q and o.
2
Suppose -8*a = -a - 14. Let x be 16 - ((-2)/a + -1). Calculate the highest common divisor of 27 and x.
9
Let v(q) = -q**3 + 30*q**2 - 76*q - 35. Let n be v(27). What is the highest common divisor of 125 and n?
25
Suppose 2*y + 19 = 147. Suppose -y = -4*l + 64. Let b = -2315 + 2331. Calculate the greatest common factor of l and b.
16
Suppose -2*q + 5*b + 108 = 0, -7*q + 3*q = -b - 252. What is the highest common divisor of q and 32?
32
Suppose 2 = -h + 23. Let t = 79 - -18. Let k = t + -34. What is the highest common factor of k and h?
21
Suppose -4*d = r - 15, 2*d + 12 = -5*r - 3. Let v = 8 + r. Let z = 110 + -108. What is the greatest common divisor of z and v?
1
Let p be 7/(-49)*5*-2*77. Let x be (-4)/(-14) - 304/(-14). What is the highest common divisor of p and x?
22
Let f be (4/16*0)/(-2). Suppose -2*w - w - 31 = -t, f = -5*t - 2*w + 138. Let j(b) = 65*b + 1. Let r be j(3). What is the highest common factor of t and r?
28
Let d = 5 + -2. Suppose a = d*v + 17, -4*a - 4*v + 4 = 16. Suppose a*x + 52 = z, -x - 3 = 2*x. What is the greatest common divisor of z and 20?
10
Let m = 3 - 26. Suppose 4*y - 60 = 112. Let o = m + y. Calculate the greatest common divisor of o and 4.
4
Let r be (-12)/(-5) + (-2 - (-24)/15). Suppose 0 = 5*y - 3*g - 21, 0 = -5*y - 5*g + 13 + 32. Let d = y + -4. Calculate the greatest common factor of d and r.
2
Suppose 14*b = 11*b + 570. Suppose -x = 2*k - 7*k + b, -x + 69 = 2*k. Calculate the highest common divisor of k and 37.
37
Let p be (-2*(-1)/(-10))/((-17)/935). Calculate the highest common divisor of 11 and p.
11
Suppose 0 = l - 4 - 8. Suppose 0*a - 24 = -2*a - 3*u, 0 = 2*a + 4*u - 28. Calculate the greatest common divisor of l and a.
6
Let u(l) = l**3 - 8*l**2 + 13*l - 6. Let j be u(6). Let v be (-24 - j)*(-10)/(-4). Let z be 12/(-8)*1*v. Calculate the highest common factor of 18 and z.
18
Let q be 3 + 15/(-3) + 72. Calculate the greatest common divisor of 140 and q.
70
Let m be 9 - (11 - 712 - -10). What is the greatest common factor of m and 25?
25
Suppose -3*z + 4*d - 134 = -332, -2*d + 356 = 5*z. Suppose -4*g + 9 - 1 = 0. Suppose -g*w - 3*w = -z. What is the highest common factor of w and 2?
2
Suppose 0 = -4*i, -c + 42 = 4*i + 7. Calculate the greatest common divisor of c and 20.
5
Suppose 0 = 102*n - 91*n - 5456. Calculate the highest common factor of 64 and n.
16
Let d(l) = 23*l + 3. Let q be d(3). Suppose 0 = 9*i - 6*i + 6. Let p be (i/(-4))/((-1)/(-18)). Calculate the highest common factor of q and p.
9
Let f be 4 + 15/((-105)/(-56)). What is the highest common factor of 16 and f?
4
Let i(f) = -3*f - 18. Let z be i(-11). Let x be (-209)/9 - (-8)/36. Let m = x - -38. Calculate the greatest common factor of m and z.
15
Let b be (-9)/36*-8 + 3262/1. What is the highest common divisor of 102 and b?
102
Let w(c) = -c - 3. Let y be w(-4). Suppose -120 = -8*b - 0*b. Let d be (10/b)/(4/18). Calculate the greatest common divisor of d and y.
1
Let u be (5 - -11)*(-3 + 1 - -3). Let t be 1/2*62 - -1. What is the greatest common divisor of t and u?
16
Suppose -2*p + 12 = 2. Suppose -4*x = -2*r + 356, -3*x = -p - 1. What is the greatest common divisor of 14 and r?
14
Let t be (-112)/(-112)*1/2*46. Let l = -2 + 2. Suppose l = -2*g - 118 + 486. Calculate the greatest common divisor of g and t.
23
Suppose b = 167 - 79. Calculate the greatest common divisor of 22 and b.
22
Suppose -134 = -35*f + 391. Calculate the highest common divisor of 6 and f.
3
Let m = 3061 - 2877. Calculate the highest common divisor of 8 and m.
8
Let l be 2*4 - (-3 - -6). Suppose 2*g = -l*d + 3*g + 373, -2*d + 154 = 2*g. What is the greatest common factor of d and 25?
25
Let y be (-12)/21*6*63/(-18). Let f(j) = j**3 + j**2 + j + 42. Let n be f(0). What is the greatest common factor of y and n?
6
Let o = -15 + 24. Let u(l) = -l**3 + 18*l**2 - 16*l - 11. Let a be u(16). Let x = a - 164. What is the highest common factor of o and x?
9
Let d = -4 - -7. Let g be 42/(18/9) - 0. Calculate the highest common divisor of d and g.
3
Suppose 4*d - 4*p = 20, -5*d + 2*p + p + 15 = 0. Suppose d = -6*x + 10*x - 168. What is the greatest common factor of x and 6?
6
Suppose 12*j - 16*j = -2*g + 562, -4*g + 1164 = 2*j. Calculate the greatest common divisor of g and 221.
17
Suppose 3*u + 5*q + 15 = 34, 2*u = 2*q + 2. Suppose u*p - 13 = -4*x, -3*p - x = -29 + 10. Calculate the highest common factor of p and 91.
7
Let h be (-100)/(-30)*(-12)/(-10). Suppose -64 = -h*g + 68. What is the highest common divisor of g and 132?
33
Suppose -16 + 7 = -3*a. Suppose -a*v + 2*p = 2*v - 23, 2*v = 4*p + 6. Suppose -5*o + 13 = 3*d - 22, -25 = -v*d. Calculate the highest common factor of 10 and o.
2
Suppose 2*u - 7 = -y + 2, 2*u = -4*y. Let j be (4 - 2)/(u/9). Let m be (-12 + j)/(3/(-2)). Calculate the highest common factor of m and 42.
6
Let t be 48/2 + (14 - 17). Let m = t - 19. Let g = 8 - 6. What is the highest common factor of g and m?
2
Let v(u) = 9*u**2 - 2*u + 4. Let l be v(-3). Let a = 147 + -61. Suppose 4*p + 28 = 2*q + a, -p + 4 = 3*q. Calculate the highest common factor of l and p